and 9.
9
Let t(k) = k**3 - k**2 + 2. Let z be t(2). Suppose 0 = -z*f + 2*f + 400. What is the greatest common divisor of 20 and f?
20
Let k be (27 + 0)*((-40)/(-12) - 3). What is the highest common factor of k and 99?
9
Suppose 77 + 98 = 5*d. What is the highest common divisor of 5 and d?
5
Suppose -5 = 3*p - 23. Let a be 1056/21 - p/21. Calculate the greatest common divisor of a and 20.
10
Suppose -5 = 2*n - 15. Let a = 16 - n. Calculate the greatest common divisor of a and 22.
11
Suppose 4 = 5*d - 6. Calculate the greatest common divisor of 18 and d.
2
Suppose -28 - 74 = 5*b - 2*r, 3*r + 34 = -b. Let a = -6 - b. What is the highest common divisor of 40 and a?
8
Let d(b) = b**3 - 13*b**2 + 2*b - 18. Let q be d(13). Calculate the greatest common factor of 72 and q.
8
Let z(r) = r - 1. Let v be z(6). Let i be 537/15 - (-1)/v. What is the highest common factor of i and 4?
4
Let j = -126 + 210. What is the highest common divisor of 12 and j?
12
Let z be ((10 - -1) + 1)/(-1). Let d(r) = r**2 + 12*r + 8. Let l be d(z). Calculate the highest common divisor of l and 2.
2
Let v be (2 + -4 - -19) + 0. Calculate the highest common factor of v and 153.
17
Let b be -20*-11*3/6. Let i = b + -37. Suppose -i - 97 = -5*z. What is the highest common factor of z and 17?
17
Suppose -21 = -3*k + 15. Calculate the highest common divisor of 132 and k.
12
Let s(x) = 11*x - 69. Let l be s(11). Let y = 15 + -2. What is the greatest common factor of y and l?
13
Let d = 12 - 13. Let r be 2 - d*(42 + 1). Let b be -1 + (32 - 2) + 1. Calculate the highest common factor of r and b.
15
Suppose -l - 4*p = 0, p - 7 = -5*l + 12. Calculate the greatest common factor of l and 2.
2
Suppose -5 = 3*t - 2. Let w(o) = 33*o**2. Let a be w(t). What is the highest common factor of a and 3?
3
Let j(z) = z**2 - 7*z + 13. Let k be j(7). What is the highest common factor of 143 and k?
13
Suppose 0*s = 3*s - 12, 3*p + s - 16 = 0. What is the greatest common divisor of p and 4?
4
Let g = 18 - 3. Let c be 6/3*-1 + g. Calculate the highest common divisor of c and 26.
13
Let k(i) = -i**2 + 2*i + 3. Let d be k(3). Let j = d - -5. Let w be (42/j)/((-6)/(-15)). Calculate the highest common divisor of 3 and w.
3
Let n(r) = 2*r**2 - 37*r + 27. Let v be n(21). What is the greatest common divisor of 22 and v?
22
Suppose -2*k + o + 3*o = -66, 4*o = -5*k + 207. Suppose 2*t = -t + k. Calculate the greatest common factor of t and 104.
13
Let b be (20/8)/((-1)/(-2)). What is the highest common divisor of b and 5?
5
Let l be (-6 - -6) + (-4)/(-2). Suppose l*r = r + 30. What is the highest common divisor of r and 6?
6
Suppose 5*k = 4*k + 6. Calculate the highest common divisor of 42 and k.
6
Let o(a) = -2*a + 22. Let s be o(-15). What is the highest common factor of 130 and s?
26
Let s(h) = -h**3 - h + 5. Let j be s(0). What is the greatest common divisor of 5 and j?
5
Suppose 3*b - 5*h + 18 - 49 = 0, -3*b = 3*h + 9. Suppose -p = -4*u + 41, -48 + 6 = -4*u + b*p. Calculate the greatest common divisor of u and 10.
10
Let v(d) = 3*d**2 - 4*d. Let p be v(4). Calculate the highest common factor of p and 8.
8
Suppose -4*j = -r + 6, 4*r + 3*j = 7*j + 24. Let i = r - 3. Calculate the highest common factor of i and 24.
3
Let g(l) = l**3 - 14*l**2 + 14*l - 9. Let v be g(13). What is the greatest common divisor of 44 and v?
4
Let f(d) = -2*d**2 - d - 1. Let x be f(-2). Let s(m) = 2*m**2 + 7*m - 5. Let a be s(x). Calculate the greatest common factor of 11 and a.
11
Let r = 5 - -4. Calculate the greatest common divisor of r and 6.
3
Let d = 20 + -16. Suppose -4 - 12 = -d*w. What is the greatest common divisor of w and 36?
4
Let j(o) = o**3 + 7*o**2 + 5*o + 3. Let f be j(-6). Let q(z) = 2*z - 9. Let t be q(f). What is the greatest common divisor of t and 99?
9
Let h = -18 - -18. Suppose 5*d = -i + 3, 3*i - 9 + h = 2*d. What is the greatest common factor of i and 6?
3
Suppose -5*q = -41 - 39. What is the highest common divisor of 8 and q?
8
Let x = -8 - -11. Calculate the greatest common divisor of x and 3.
3
Suppose 2*x - 382 = -a, -4*x - 388 = -6*x + 2*a. Calculate the highest common factor of x and 24.
24
Let w be -1 + 135 - 1/(-1). Let j be (-5)/((-28)/12 + 2). Calculate the greatest common factor of j and w.
15
Let p(o) = 4*o**2 - 12*o - 8. Let a be p(10). Calculate the greatest common factor of a and 34.
34
Let f(w) = -4*w + 45. Let g be f(11). Calculate the greatest common divisor of g and 5.
1
Let n = 3 - -3. Let v be (0 + 0 - 0) + 2. Let j be (-1)/2 + 61/v. What is the greatest common factor of j and n?
6
Suppose 0 = -n + i + 18, -n - 10*i = -14*i - 18. Calculate the greatest common divisor of n and 2.
2
Let o be (0 - 1)/(1/(-2)). Let p be 10 - (0 - 0 - o). Suppose 23 = g - 37. What is the greatest common factor of g and p?
12
Let d be (-546)/(-27) - (-10)/(-45). Let p be -2 + (1*6)/1. What is the greatest common divisor of d and p?
4
Let f(y) = y**2 - 8*y + 11. Let p be f(11). Calculate the greatest common divisor of 66 and p.
22
Let r(z) = 10*z. Let j = 3 - 2. Let w be r(j). Suppose 9*g - 928 = -298. What is the greatest common factor of g and w?
10
Let r be -14*(-2 - -3 - 2). What is the highest common divisor of 14 and r?
14
Let i be (-7)/5 + 1 - (-3952)/130. Suppose 0 = 2*o - 5*a - 25, a + 50 = 3*o - 7. What is the highest common factor of o and i?
10
Let f(o) = o - 3. Let j be f(5). Let q be 9 + -3 + (j - 2). Suppose -34 = -a + 2*t + 3*t, 0 = -a + t + 26. What is the highest common divisor of a and q?
6
Let p = 31 + 17. What is the greatest common divisor of 24 and p?
24
Suppose -k - 11 + 56 = 0. What is the highest common factor of 315 and k?
45
Suppose -2*b + 6 + 0 = 0. Suppose 0 = -b*j + 3. Calculate the highest common divisor of 11 and j.
1
Let v = -40 + 60. Calculate the greatest common divisor of v and 380.
20
Let y(n) = 48*n**2 + n - 1. Let b be y(1). Let f = b - 23. Calculate the highest common divisor of 5 and f.
5
Suppose 4*y - 87 = -31. What is the highest common divisor of 126 and y?
14
Let c be 2/13 - 930/(-39). Let x(f) = -f**2 + 2*f + 1. Let n be x(2). Let o be -1 - (n + -13 + -1). Calculate the highest common divisor of c and o.
12
Let g = 14 + -23. Let d(u) = u**2 + 2*u + 1. Let s be d(g). Calculate the highest common divisor of 16 and s.
16
Let s(z) = -z**3 + 7*z**2 - 8*z + 3. Suppose -o + 2 = -3*f + 2*f, 3*o - 2*f - 9 = 0. Let a be s(o). What is the greatest common factor of 13 and a?
13
Let c be -1*1*5/(-5). Let w be (-5)/((-2)/(4 - 2)). Let y = 6 - w. What is the highest common divisor of c and y?
1
Suppose 0*p = -2*p + 2, p = 5*n - 949. Let w = -100 + n. Calculate the highest common divisor of w and 18.
18
Let s(m) = -m**3 - 6*m**2 + 18*m + 17. Let o be s(-8). Calculate the greatest common divisor of o and 5.
1
Let g(c) = 12*c**2 + 2*c - 1. Let p(d) = -d - 5. Let u be p(-6). Let a be g(u). Suppose -2*l + 34 = 8. What is the greatest common divisor of l and a?
13
Suppose 44*r + 168 = 47*r. Calculate the highest common factor of r and 140.
28
Let w be (11 + -3)/((-10)/(-5)). Calculate the greatest common divisor of w and 12.
4
Let h(r) = -r**3 - 15*r**2 + 16*r + 16. Let q be h(-16). Calculate the highest common divisor of 2 and q.
2
Suppose 0 = -4*b + 5*b + 3*g + 2, -4*b = 2*g - 22. Calculate the greatest common factor of 1 and b.
1
Let p be (10/(-3) + 3)*-9. Let l(g) = 10*g. Let c be l(p). Let t be c/4*24/15. What is the greatest common divisor of 132 and t?
12
Suppose -s - 1 = -5. Suppose 3*g - 9 = 51. What is the highest common divisor of s and g?
4
Let r = 85 + -45. Calculate the greatest common factor of r and 120.
40
Let u = 15 - -21. Suppose 1 = 3*f + 4. Let w(h) = 13*h**2 + h. Let t be w(f). Calculate the highest common divisor of u and t.
12
Let p = -6 - -18. Suppose -4*h + 5*d + 97 = 0, 2*d - d - 13 = -h. What is the greatest common factor of p and h?
6
Let y be (3/(-7))/(4/(-126))*4. Suppose -2*q + 123 + 147 = -2*m, -2*q = -m - 270. What is the greatest common divisor of y and q?
27
Let g(p) = -p**2 - 6*p + 2. Let w be g(-6). Suppose -w*r - r + 51 = 0. Calculate the highest common factor of 51 and r.
17
Suppose 2 = n - 2*o - 3*o, -52 = -5*n + 4*o. Let j be (2 + 0 + -3)*1*-12. What is the highest common factor of n and j?
12
Suppose n + 2*s + 15 = -s, -2*n = 2*s + 30. Let o b